15*g. Calculate the remainder when 42 is divided by g.
6
Suppose 7*d - 4*d - 75 = 0. Suppose d = -5*j, 2*u - j = -6*j - 27. Let r = 9 + u. Calculate the remainder when 21 is divided by r.
5
Let v be 1/(-3) - (-26)/6. Suppose -4*t - v*f + 10 = -2*f, 4*f = 2*t - 20. Calculate the remainder when ((-6)/t)/((-1)/10) is divided by 4.
3
Let z(g) = -g + 10. Let i = -10 + 17. Let x be z(i). Suppose -x*q = q - 32. What is the remainder when 21 is divided by q?
5
Let r(o) = -o**2 + 5*o - 3. Let j be r(3). Suppose 5 = 5*q + 4*v + 1, 5*q + j*v - 8 = 0. What is the remainder when 11 is divided by q?
3
Let d be ((-2)/6)/((-1)/(-6)). Let n be ((-752)/20)/(d/5). Let m = 133 - n. What is the remainder when m is divided by 20?
19
Let p(j) = 9*j**2 + 2*j + 3. Suppose -3*b - 69 = -6*b. Let v = b + -11. Calculate the remainder when p(-2) is divided by v.
11
Let u = 113 + -74. Calculate the remainder when 114 is divided by u.
36
Let p(b) = b**2 - b + 12. Suppose -3*m - 84 = -7*m. What is the remainder when m is divided by p(0)?
9
Suppose -5*s - 3*m = -29, 2*m - 9 = -s + 1. Calculate the remainder when 10 is divided by s.
2
Let o be (-4)/(-3)*36/(-3). Let r = -9 - o. Let y = -14 - -27. What is the remainder when y is divided by r?
6
Suppose 4*r - 4 = 3*r. Suppose 0 = 5*p - r*p - 63. Suppose 4*y - k - p = -2*k, 4*y - 66 = -2*k. What is the remainder when 28 is divided by y?
13
Suppose -42 = -5*u - 4*i, -u - 3*i + 0*i = -4. Calculate the remainder when (1/2)/((-2)/(-108)) is divided by u.
7
Let v = 50 + -26. Let j be 1*(v/2 - 2). Calculate the remainder when 16 is divided by 2 + -2 + (j - 4).
4
Let w be 19/7 + (-12)/(-42). Suppose -f - w*f + 72 = 0. What is the remainder when f is divided by 11?
7
Suppose -x + 8 = -14. What is the remainder when 510/8 - (-2)/(-8)*-1 is divided by x?
20
Suppose 0 = 5*y - 2*c - 201, -3*y = 3*c + 57 - 186. Calculate the remainder when 163 is divided by y.
40
Let t be 1/(-1*(-3 + 2)). Suppose 13 - 7 = -6*k. Calculate the remainder when 22 is divided by t/(((-3)/24)/k).
6
Suppose -15 = 4*d - 7*d. Suppose 3*l - 4*t = 52, -5*l + d*t + 96 - 6 = 0. Calculate the remainder when 37 is divided by l.
17
Let v be (0 - -1)*-1 + -21. What is the remainder when v/((4 - 2)/(-1)) is divided by (-2 - -5) + -2 + 3?
3
Let b(p) = -18*p - 27. What is the remainder when b(-8) is divided by 15?
12
Suppose -5*w + 72 = z, 0*w = 5*z - 2*w - 225. Calculate the remainder when z is divided by 24.
23
Let x be (18/4)/((-6)/12). Let y be (69/4)/(2/8). What is the remainder when 3/x*y/(-1) is divided by 8?
7
Let b(p) = -17*p**3 - 2*p**2 - p. Let t be (-9)/11 + (-2)/11. What is the remainder when 62 is divided by b(t)?
14
Suppose -2*b + 0*b = -8. Suppose -b*r + 40 = 3*w - 6*w, 2*r + 5*w - 20 = 0. What is the remainder when 19 is divided by r?
9
Let d = -3 - -3. Let r = d - -1. What is the remainder when (2/(-3))/(51/(-9) - -5) is divided by r?
0
Let b be (-1)/(2*(-1)/(-28)). What is the remainder when 3/(-2)*b/3 is divided by -4*6*(-2)/16?
1
Suppose 0 - 9 = 3*f, 5*n - 163 = f. What is the remainder when 159 is divided by n?
31
Let q = 53 + 37. What is the remainder when q is divided by 23?
21
Let s(o) = -7*o - 89. What is the remainder when 58 is divided by s(-15)?
10
Suppose -2*k + 18 = 2*n, 4*n + 36 = 2*k - 0*k. Suppose -5*u + 233 = -4*w, -7*u = -4*u - w - 137. Calculate the remainder when u is divided by k.
9
Calculate the remainder when 88 + (-1 + 2 - (-7 + 11)) is divided by 29.
27
Suppose 3*j - 7*j + 204 = 0. Calculate the remainder when j is divided by 18.
15
Let l(i) = 3*i**2 + 3*i. Suppose -5*p = -p - 452. Suppose -u + 2*c + 39 = 3*c, -3*u + p = 2*c. Calculate the remainder when u is divided by l(-3).
17
Suppose 4*a - 643 = -47. Calculate the remainder when 81 is divided by a/7 + 8/(-28).
18
What is the remainder when (21/6)/(-7)*(0 + -22) is divided by 5?
1
Let j(w) = w**2 + 6*w + 7. Let x be j(-5). Let b(d) = d + 7. Let a be b(-7). Let f = x - a. Calculate the remainder when f is divided by 2.
0
Suppose 2*r + 4 = -2. Calculate the remainder when 3 is divided by 18/(-30)*(r - 2).
0
Let v(d) be the first derivative of -d**3/3 + 5*d**2/2 + d + 3. Let f = 2 + 6. What is the remainder when f is divided by v(4)?
3
Let n(l) = -2*l + 8. Suppose -4 = -4*h - 52. Calculate the remainder when n(h) is divided by 11.
10
Let p = 0 - -2. Suppose 15 = -5*x, -p*o - 12 + 3 = 5*x. What is the remainder when 7 is divided by o?
1
Suppose 28 + 31 = d. Calculate the remainder when d is divided by 20.
19
Suppose -i = 2*o - 26, -2*i + 24 + 36 = 2*o. Let q(j) = -8*j**2 - 10*j + 0 - 9 + 0*j**3 - j**3. What is the remainder when i is divided by q(-7)?
10
Let a = 45 - 21. Calculate the remainder when a is divided by 9.
6
Let m be -2 + (-6)/(-2) + 4. Suppose -10 - m = -5*n. Calculate the remainder when 6 is divided by n.
0
Suppose 4*w + 19 = 83. Calculate the remainder when 62 is divided by w.
14
Let g(u) = 2*u**2 + 2*u. Let t be g(-2). Suppose j + j = 0, -3*j = -t*d + 136. What is the remainder when d is divided by 9?
7
Let c(x) = x**3 + 7*x**2 + 5*x + 2. Suppose -27 + 1 = -3*i - 4*b, -i - 8 = -2*b. Suppose 2*q = 4 + i. Calculate the remainder when c(-6) is divided by q.
2
Calculate the remainder when 55 is divided by (1 + 2)*38/6.
17
Suppose -250 = -5*n + 110. Suppose 4*a - 4*g = n, -g = a - 13 + 3. What is the remainder when 2/(-3) + (-240)/(-9) is divided by a?
12
What is the remainder when 207 is divided by (-544)/(-13) + 16/104?
39
Let d = -1 + 32. What is the remainder when d is divided by 8?
7
Let a(g) = -g**3 + 12*g**2 - 9*g - 2. What is the remainder when a(8) is divided by 37?
34
Let w(x) = -x**3 + 15*x**2 + 10*x + 10. What is the remainder when w(15) is divided by 18?
16
Let f = 14 + -8. Suppose -2*h = -0*h + 16. Let t = 8 - h. Calculate the remainder when t is divided by f.
4
Suppose 4*c - 42 = 2*c. Let h be ((-3)/(-2))/((-2)/(-32)). Suppose -q - q = -h. What is the remainder when c is divided by q?
9
Suppose 156 = 2*p - 3*w, -4*w - 29 - 207 = -3*p. What is the remainder when p is divided by 24?
12
Suppose -4*k + 27 + 25 = 0. What is the remainder when 24 is divided by k?
11
Suppose -2*c + 4*c = -2*k - 18, 0 = -c - 5*k - 13. Let t = -6 - c. Calculate the remainder when t is divided by 2.
0
Let f(r) = 5*r**2 + 4. What is the remainder when f(5) is divided by 44?
41
Let y = 43 - 18. Let i(u) = 2*u**2 + 5*u + 4. Calculate the remainder when y is divided by i(-3).
4
Let v(h) = h**3 + 7*h**2 - 11*h. Calculate the remainder when v(-8) is divided by 13.
11
Suppose 2*s = -3*h + 1 + 21, -2*h = -3*s + 33. Calculate the remainder when s is divided by 9.
2
Suppose -5*b = 5*v - 20, b + 4 = 1. Calculate the remainder when 5 is divided by 2/v - 36/(-21).
1
Let m = 5765 - 2837. What is the remainder when 4/(-18) + m/54 is divided by 19?
16
Let l = -29 + 42. Calculate the remainder when 38 is divided by (-3)/3*-1*l.
12
Suppose -5*k - 2*i = -45, -i = -2*k + 4*i + 47. What is the remainder when 30 is divided by k?
8
Let d = 29 + -10. Let v(f) = -2 + f + d*f + 2. What is the remainder when v(2) is divided by 14?
12
Suppose c = -2*d + 22, 5*c - 2*d - 41 - 9 = 0. Let i = c + -7. What is the remainder when i is divided by 2?
1
Suppose 5*a - 15 = 10. Let j be (a/(-2))/((-1)/2). Suppose -d = o, -3*o = 2*o + 4*d - j. What is the remainder when 9 is divided by o?
4
Let s = -11 + 29. Suppose -o + s = 2*o. Let g(z) = z**2 - 5*z + 6. Calculate the remainder when 35 is divided by g(o).
11
What is the remainder when 149 + -7 - (4 + -3)*-3 is divided by 49?
47
Suppose c + 31 = 3*o, -3*o = 3*c - c - 46. Calculate the remainder when 33 is divided by o.
9
Let p = 22 + -12. Let n(s) = -s**2 + 9*s + 3. Let m be n(9). Calculate the remainder when (-6)/(-9) + 115/m is divided by p.
9
Let u = -70 - -161. Let b = u + -27. Suppose q + 3*q = b. Calculate the remainder when q is divided by 9.
7
Suppose 0 = -9*r + 4*r + 235. Let o(z) = 3*z**2 - z - 2. Calculate the remainder when r is divided by o(-2).
11
Let w(i) = 5*i**2 + 3*i - 2. Let g = -28 + 43. Let j = g + -5. Calculate the remainder when j is divided by w(1).
4
Let s(j) = j + 3. Let h = -2 - 0. Let y be (4/6)/(h/(-24)). What is the remainder when 20 is divided by s(y)?
9
Calculate the remainder when 37 is divided by 84/10 + (-2)/5.
5
Let z = 0 + 12. Calculate t